{"id":390,"date":"2013-11-12T01:08:16","date_gmt":"2013-11-12T01:08:16","guid":{"rendered":"http:\/\/lecailloublanc.fr\/agence-accueil\/sample-page-2\/"},"modified":"2023-06-23T10:36:33","modified_gmt":"2023-06-23T12:36:33","slug":"sample-page","status":"publish","type":"page","link":"http:\/\/lecailloublanc.fr\/agence-accueil\/ja\/sample-page\/","title":{"rendered":"Accueil"},"content":{"rendered":"<div  class=\"fusion-fullwidth fullwidth-box fusion-blend-mode nonhundred-percent-fullwidth\"  style='background-color: rgba(255,255,255,0);background-position: center center;background-repeat: no-repeat;padding-top:0px;padding-right:0px;padding-bottom:0px;padding-left:0px;'><div class=\"fusion-builder-row fusion-row \"><div  class=\"fusion-layout-column fusion_builder_column fusion_builder_column_1_1  fusion-one-full fusion-column-first fusion-column-last 1_1\"  style='margin-top:0px;margin-bottom:20px;'>\n\t\t\t\t\t<div class=\"fusion-column-wrapper\" style=\"background-position:left top;background-repeat:no-repeat;-webkit-background-size:cover;-moz-background-size:cover;-o-background-size:cover;background-size:cover;\"  data-bg-url=\"\">\n\t\t\t\t\t\t<div class=\"fusion-alert alert error alert-dismissable alert-danger\">  <button type=\"button\" class=\"close toggle-alert\" data-dismiss=\"alert\" aria-hidden=\"true\">&times;<\/button><span class=\"alert-icon\"><i class=\"fa fa-lg fa-exclamation-triangle\"><\/i><\/span><div>Pour des raisons m\u00e9dicales impr\u00e9vues nous sommes dans le regret d&rsquo;annuler jusqu&rsquo;\u00e0 nouvel avis toutes nos prestations.<\/div>\n<div>Vous pouvez pour l&rsquo;organisation de tours de l&rsquo;\u00eele contacter le bureau touristique de Saint-Pierre \u00e0 : <a href=\"mailto:saint-pierre@spm-tourisme.fr\" target=\"_blank\" rel=\"noopener noreferrer\">saint-pierre@spm-tourisme.fr<\/a><\/div>\n<div>tel (+508)41 02 00<\/div>\n<div>Cordialement.<\/div>\n<div><\/div>\n<div><span lang=\"en\">For unforeseen medical reasons we regret to cancel all our services until further notice. For the organization of tours of the island, you can contact the tourist office of Saint-Pierre at: <a href=\"mailto:saint-pierre@spm-tourisme.fr\" target=\"_blank\" rel=\"noopener noreferrer\">saint-pierre@spm-tourisme.fr<\/a><\/span><\/div>\n<div><span lang=\"en\">\u00a0<\/span>tel (+508)41 02 00<\/div><\/div><div class=\"fusion-clearfix\"><\/div>\n\n\t\t\t\t\t<\/div>\n\t\t\t\t<\/div><\/div><\/div><div  class=\"fusion-fullwidth fullwidth-box nonhundred-percent-fullwidth\"  style='background-color: yes;background-position: left top;background-repeat: no-repeat;padding-top:95px;padding-right:0px;padding-bottom:20px;padding-left:0px;border-top-width:0px;border-bottom-width:0px;border-color:#eae9e9;border-top-style:solid;border-bottom-style:solid;'><div class=\"fusion-builder-row fusion-row \"><div  class=\"fusion-layout-column fusion_builder_column fusion_builder_column_2_3  fusion-two-third fusion-column-first 2_3\"  style='margin-top:0px;margin-bottom:20px;width:66.66%;width:calc(66.66% - ( ( 4% ) * 0.6666 ) );margin-right: 4%;'>\n\t\t\t\t\t<div class=\"fusion-column-wrapper\" style=\"background-position:left top;background-repeat:no-repeat;-webkit-background-size:cover;-moz-background-size:cover;-o-background-size:cover;background-size:cover;\"  data-bg-url=\"\">\n\t\t\t\t\t\t<p><a href=\"http:\/\/lecailloublanc.fr\/agence-accueil\/wp-content\/uploads\/2013\/11\/logo-lcb.jpg\"><img decoding=\"async\" loading=\"lazy\" class=\"size-medium wp-image-10 alignleft\" src=\"http:\/\/lecailloublanc.fr\/agence-accueil\/wp-content\/uploads\/2013\/11\/logo-lcb-300x208.jpg\" sizes=\"(max-width: 194px) 100vw, 194px\" srcset=\"http:\/\/lecailloublanc.fr\/agence-accueil\/wp-content\/uploads\/2013\/11\/logo-lcb-300x208.jpg 300w, http:\/\/lecailloublanc.fr\/agence-accueil\/wp-content\/uploads\/2013\/11\/logo-lcb.jpg 616w\" alt=\"logo-lcb\" width=\"194\" height=\"134\" \/><\/a>Le Caillou Blanc,\u00a0 pour une visite guid\u00e9e inoubliable de Saint-Pierre et Miquelon<\/p>\n<p>Voyager quelque part est souvent source de sentiments contradictoires :<br \/>\n\u2013 la joie de la d\u00e9couverte d\u2019un nouvel environnement ;<br \/>\n\u2013 la crainte de rencontrer des difficult\u00e9s inattendues.<\/p>\n<p><b>Le Caillou blanc<\/b> est une agence d\u2019accueil et d\u2019accompagnement \u00e0 Saint-Pierre et Miquelon pr\u00eate \u00e0 r\u00e9pondre \u00e0 ces deux grands besoins.<\/p>\n<p>Gr\u00e2ce \u00e0 l\u2019exp\u00e9rience diversifi\u00e9e de notre agence sur le terrain, \u00e0 sa connaissance des facettes multiples de l\u2019Archipel de Saint-Pierre et Miquelon, vous trouverez r\u00e9ponse \u00e0 vos attentes ; le Caillou blanc peut d\u00e9finir, en relation \u00e9troite avec vous, un programme affin\u00e9 qui s\u2019adapte \u00e0 vos demandes.<\/p>\n<p>Trouver la solution \u00e0 tout impr\u00e9vu fait aussi partie de nos priorit\u00e9s.<\/p>\n<p>Offrir un <b>service de qualit\u00e9<\/b>, souple, avec chauffeur \u00e0 l\u2019\u00e9coute des visiteurs, est la ligne de conduite qui aura fait ses preuves. S\u2019adresser au Caillou blanc est un moyen privil\u00e9gi\u00e9 de faire se converger <b>r\u00eaves de l\u2019attente<\/b> et <b>concr\u00e9tisation de vos projets<\/b>.<\/p>\n<p>Plus de pr\u00e9occupation ou de souci ; le Caillou blanc s\u2019occupe de toute la logistique. Il vous suffit alors, au gr\u00e9 de vos inspirations, de suivre le fil conducteur de votre plaisir.<\/p>\n<p>La sp\u00e9cialit\u00e9 de l\u2019agence <b>Le Caillou Blanc<\/b> est\u00a0la visite guid\u00e9e\u00a0de Saint-Pierre en mini-van (tours guid\u00e9s). 1h15 de visite pour d\u00e9couvrir au mieux l\u2019\u00efle avec diff\u00e9rents arr\u00eats aux endroits strat\u00e9giques pour prendre des photos, pour jouir du paysage et des animaux bordant le trajet ou tout simplement \u00e0 la demande.<\/p>\n<p>Que vos besoins soient d\u2019ordre professionnel ou priv\u00e9, notre agence y r\u00e9pond avec le soin et les exigences d\u2019un <b>service de qualit\u00e9<\/b>.<\/p>\n<p>Vous avez besoin <b>d\u2019assistance<\/b> pour un service quelconque, nous r\u00e9pondons pr\u00e9sent \u00e0 tout moment pour vous aider et pour vous mettre en relation avec les prestataires n\u00e9cessaires.<br \/>\nUne <b>mise \u00e0 disposition<\/b> d\u2019un <b>chauffeur<\/b>, <b>une organisation de s\u00e9jour<\/b>, <b>une visite guid\u00e9e<\/b>\u00a0de l\u2019archipel, <b>Le Caillou Blanc<\/b> met \u00e0 votre disposition un large \u00e9ventail de moyens adapt\u00e9s \u00e0 vos besoins.<\/p>\n<p>Services en anglais ou en fran\u00e7ais.<br \/>\nL\u2019agence dispose de <b>deux mini vans<\/b><br \/>\nd\u2019une capacit\u00e9 de <b>12 places<\/b><br \/>\nau total avec chauffeurs.<\/p>\n<div class=\"fusion-clearfix\"><\/div>\n\n\t\t\t\t\t<\/div>\n\t\t\t\t<\/div><div  class=\"fusion-layout-column fusion_builder_column fusion_builder_column_1_3  fusion-one-third fusion-column-last 1_3\"  style='margin-top:0px;margin-bottom:20px;width:33.33%;width:calc(33.33% - ( ( 4% ) * 0.3333 ) );'>\n\t\t\t\t\t<div class=\"fusion-column-wrapper\" style=\"background-position:left top;background-repeat:no-repeat;-webkit-background-size:cover;-moz-background-size:cover;-o-background-size:cover;background-size:cover;\"  data-bg-url=\"\">\n\t\t\t\t\t\t<div class=\"fusion-slider-sc flexslider flexslider-hover-type-none\" style=\"max-width:185px;height:283px;\"><ul class=\"slides\"><li class=\"image\"><span class=\"hover-type-none\"><img role=\"presentation\" src=\"http:\/\/lecailloublanc.fr\/agence-accueil\/wp-content\/uploads\/2017\/06\/slider-tours-1.jpg\" \/><\/span><\/li><li class=\"image\"><span class=\"hover-type-none\"><img role=\"presentation\" src=\"http:\/\/lecailloublanc.fr\/agence-accueil\/wp-content\/uploads\/2013\/11\/slider-tours-2.jpg\" \/><\/span><\/li><li class=\"image\"><span class=\"hover-type-none\"><img role=\"presentation\" src=\"http:\/\/lecailloublanc.fr\/agence-accueil\/wp-content\/uploads\/2013\/11\/vip-service.jpg\" \/><\/span><\/li><li class=\"image\"><span class=\"hover-type-none\"><img role=\"presentation\" src=\"http:\/\/lecailloublanc.fr\/agence-accueil\/wp-content\/uploads\/2017\/06\/phare.jpg\" \/><\/span><\/li><\/ul><\/div><p><b>Tours guid\u00e9s 2023 (Dur\u00e9e: 1h15)<\/b><\/p>\n<span class=\"fusion-imageframe imageframe-none imageframe-1 hover-type-none\"><a class=\"fusion-no-lightbox\" href=\"http:\/\/lecailloublanc.fr\/agence-accueil\/wp-content\/uploads\/2014\/01\/Flyers-Caillou-Blanc-2010.pdf\" target=\"_blank\" aria-label=\"Flyers-Caillou-Blanc-2010\" rel=\"noopener noreferrer\"><img decoding=\"async\" loading=\"lazy\" src=\"http:\/\/lecailloublanc.fr\/agence-accueil\/wp-content\/uploads\/2014\/01\/Flyers-Caillou-Blanc-2010.jpg\" width=\"295\" height=\"315\" alt=\"\" class=\"img-responsive wp-image-94\"\/><\/a><\/span><div class=\"fusion-clearfix\"><\/div>\n\n\t\t\t\t\t<\/div>\n\t\t\t\t<\/div><\/div><\/div><div  class=\"fusion-fullwidth fullwidth-box nonhundred-percent-fullwidth\"  style='background-color: #fff;background-position: left center;background-repeat: no-repeat;padding-top:27px;padding-right:0px;padding-bottom:10px;padding-left:0px;border-top-width:0px;border-bottom-width:0px;border-color:#eae9e9;border-top-style:solid;border-bottom-style:solid;'><div class=\"fusion-builder-row fusion-row \"><div  class=\"fusion-layout-column fusion_builder_column fusion_builder_column_1_1  fusion-one-full fusion-column-first fusion-column-last fusion-column-no-min-height 1_1\"  style='margin-top:0px;margin-bottom:0px;'>\n\t\t\t\t\t<div class=\"fusion-column-wrapper\" style=\"background-position:left top;background-repeat:no-repeat;-webkit-background-size:cover;-moz-background-size:cover;-o-background-size:cover;background-size:cover;\"  data-bg-url=\"\">\n\t\t\t\t\t\t<div class=\"fusion-sep-clear\"><\/div><div class=\"fusion-separator fusion-full-width-sep sep-shadow\" style=\"background:radial-gradient(ellipse at 50% -50% , #e0dede 0px, rgba(255, 255, 255, 0) 80%) repeat scroll 0 0 rgba(0, 0, 0, 0);background:-webkit-radial-gradient(ellipse at 50% -50% , #e0dede 0px, rgba(255, 255, 255, 0) 80%) repeat scroll 0 0 rgba(0, 0, 0, 0);background:-moz-radial-gradient(ellipse at 50% -50% , #e0dede 0px, rgba(255, 255, 255, 0) 80%) repeat scroll 0 0 rgba(0, 0, 0, 0);background:-o-radial-gradient(ellipse at 50% -50% , #e0dede 0px, rgba(255, 255, 255, 0) 80%) repeat scroll 0 0 rgba(0, 0, 0, 0);margin-left: auto;margin-right: auto;margin-top:;\"><\/div><h2 style=\"text-align: center;\">NOTRE CLIENTELE<\/h2>\n<div class=\"fusion-clearfix\"><\/div>\n\n\t\t\t\t\t<\/div>\n\t\t\t\t<\/div><\/div><\/div><div  class=\"fusion-fullwidth fullwidth-box fusion-blend-mode nonhundred-percent-fullwidth\"  style='background-color: rgba(255,255,255,0);background-position: left top;background-repeat: repeat;padding-top:60px;padding-right:0px;padding-bottom:55px;padding-left:0px;border-top-width:0px;border-bottom-width:0px;border-color:#eae9e9;border-top-style:solid;border-bottom-style:solid;'><div class=\"fusion-builder-row fusion-row \"><div  class=\"fusion-layout-column fusion_builder_column fusion_builder_column_1_5  fusion-one-fifth fusion-column-first 1_5\"  style='margin-top:0px;margin-bottom:20px;width:16.8%; margin-right: 4%;'>\n\t\t\t\t\t<div class=\"fusion-column-wrapper\" style=\"background-position:left top;background-repeat:no-repeat;-webkit-background-size:cover;-moz-background-size:cover;-o-background-size:cover;background-size:cover;\"  data-bg-url=\"\">\n\t\t\t\t\t\t<span class=\"fusion-imageframe imageframe-none imageframe-2 hover-type-none\"><img decoding=\"async\" loading=\"lazy\" src=\"http:\/\/lecailloublanc.fr\/agence-accueil\/wp-content\/uploads\/2013\/11\/rond-vert-touristes.png\" width=\"185\" height=\"185\" alt=\"\" title=\"rond-vert-touristes\" class=\"img-responsive wp-image-225\"\/><\/span><h3 style=\"text-align: center;\">TOURISTES<\/h3>\n<div class=\"fusion-clearfix\"><\/div>\n\n\t\t\t\t\t<\/div>\n\t\t\t\t<\/div><div  class=\"fusion-layout-column fusion_builder_column fusion_builder_column_1_5  fusion-one-fifth 1_5\"  style='margin-top:0px;margin-bottom:20px;width:16.8%; margin-right: 4%;'>\n\t\t\t\t\t<div class=\"fusion-column-wrapper\" style=\"background-position:left top;background-repeat:no-repeat;-webkit-background-size:cover;-moz-background-size:cover;-o-background-size:cover;background-size:cover;\"  data-bg-url=\"\">\n\t\t\t\t\t\t<span class=\"fusion-imageframe imageframe-none imageframe-3 hover-type-none\"><img decoding=\"async\" loading=\"lazy\" src=\"http:\/\/lecailloublanc.fr\/agence-accueil\/wp-content\/uploads\/2013\/11\/rond-bleu-cam.png\" width=\"185\" height=\"185\" alt=\"\" title=\"rond-bleu-cam\" class=\"img-responsive wp-image-233\"\/><\/span><h3 style=\"text-align: center;\">EQUIPE PROFESSIONELLE<\/h3>\n<div class=\"fusion-clearfix\"><\/div>\n\n\t\t\t\t\t<\/div>\n\t\t\t\t<\/div><div  class=\"fusion-layout-column fusion_builder_column fusion_builder_column_1_5  fusion-one-fifth 1_5\"  style='margin-top:0px;margin-bottom:20px;width:16.8%; margin-right: 4%;'>\n\t\t\t\t\t<div class=\"fusion-column-wrapper\" style=\"background-position:left top;background-repeat:no-repeat;-webkit-background-size:cover;-moz-background-size:cover;-o-background-size:cover;background-size:cover;\"  data-bg-url=\"\">\n\t\t\t\t\t\t<span class=\"fusion-imageframe imageframe-none imageframe-4 hover-type-none\"><img decoding=\"async\" loading=\"lazy\" src=\"http:\/\/lecailloublanc.fr\/agence-accueil\/wp-content\/uploads\/2013\/11\/rond-brun-yacht.png\" width=\"185\" height=\"185\" alt=\"\" title=\"rond-brun-yacht\" class=\"img-responsive wp-image-232\"\/><\/span><h3 style=\"text-align: center;\">YACHT PRIVES<\/h3>\n<div class=\"fusion-clearfix\"><\/div>\n\n\t\t\t\t\t<\/div>\n\t\t\t\t<\/div><div  class=\"fusion-layout-column fusion_builder_column fusion_builder_column_1_5  fusion-one-fifth 1_5\"  style='margin-top:0px;margin-bottom:20px;width:16.8%; margin-right: 4%;'>\n\t\t\t\t\t<div class=\"fusion-column-wrapper\" style=\"background-position:left top;background-repeat:no-repeat;-webkit-background-size:cover;-moz-background-size:cover;-o-background-size:cover;background-size:cover;\"  data-bg-url=\"\">\n\t\t\t\t\t\t<span class=\"fusion-imageframe imageframe-none imageframe-5 hover-type-none\"><img decoding=\"async\" loading=\"lazy\" src=\"http:\/\/lecailloublanc.fr\/agence-accueil\/wp-content\/uploads\/2013\/11\/rond-orange-voilier.png\" width=\"185\" height=\"185\" alt=\"\" title=\"rond-orange-voilier\" class=\"img-responsive wp-image-228\"\/><\/span><h3 style=\"text-align: center;\">VOILIERS<\/h3>\n<div class=\"fusion-clearfix\"><\/div>\n\n\t\t\t\t\t<\/div>\n\t\t\t\t<\/div><div  class=\"fusion-layout-column fusion_builder_column fusion_builder_column_1_5  fusion-one-fifth fusion-column-last 1_5\"  style='margin-top:0px;margin-bottom:20px;width:16.8%'>\n\t\t\t\t\t<div class=\"fusion-column-wrapper\" style=\"background-position:left top;background-repeat:no-repeat;-webkit-background-size:cover;-moz-background-size:cover;-o-background-size:cover;background-size:cover;\"  data-bg-url=\"\">\n\t\t\t\t\t\t<span class=\"fusion-imageframe imageframe-none imageframe-6 hover-type-none\"><img decoding=\"async\" loading=\"lazy\" src=\"http:\/\/lecailloublanc.fr\/agence-accueil\/wp-content\/uploads\/2013\/11\/rond-bleu-avion.png\" width=\"185\" height=\"185\" alt=\"\" title=\"rond-bleu-avion\" class=\"img-responsive wp-image-229\"\/><\/span><h3 style=\"text-align: center;\">AVIONS PRIVES<\/h3>\n<div class=\"fusion-clearfix\"><\/div>\n\n\t\t\t\t\t<\/div>\n\t\t\t\t<\/div><\/div><\/div><div  class=\"fusion-fullwidth fullwidth-box fusion-blend-mode nonhundred-percent-fullwidth\"  style='background-color: rgba(255,255,255,0);background-position: center center;background-repeat: no-repeat;padding-top:0px;padding-right:0px;padding-bottom:0px;padding-left:0px;margin-bottom: -40px;margin-top: -43px;'><div class=\"fusion-builder-row fusion-row \"><div  class=\"fusion-layout-column fusion_builder_column fusion_builder_column_1_2  fusion-one-half fusion-column-first fusion-column-no-min-height 1_2\"  style='margin-top:0px;margin-bottom:0px;width:48%; margin-right: 4%;'>\n\t\t\t\t\t<div class=\"fusion-column-wrapper\" style=\"background-position:left top;background-repeat:no-repeat;-webkit-background-size:cover;-moz-background-size:cover;-o-background-size:cover;background-size:cover;\"  data-bg-url=\"\">\n\t\t\t\t\t\t<div class=\"fusion-sep-clear\"><\/div><div class=\"fusion-separator fusion-full-width-sep sep-single sep-solid\" style=\"border-color:#e0dede;border-top-width:1px;margin-left: auto;margin-right: auto;margin-top:;\"><\/div><h3>NOTRE\u00a0 CLIENTELE PROFESSIONNELLE<\/h3>\n<ul class=\"fusion-checklist fusion-checklist-1\" style=\"font-size:13px;line-height:22.1px;\"><li class=\"fusion-li-item\"><span style=\"background-color:#f05858;font-size:11.44px;height:22.1px;width:22.1px;margin-right:9.1px;\" class=\"icon-wrapper circle-yes\"><i class=\"fusion-li-icon fa fa-minus\" style=\"color:#ffffff;\"><\/i><\/span><div class=\"fusion-li-item-content\" style=\"margin-left:31.2px;\">\n<p>Les \u00e9quipes de t\u00e9l\u00e9visions (Assistance avant \/ pendant leurs reportages)<\/p>\n<\/div><\/li><li class=\"fusion-li-item\"><span style=\"background-color:#f05858;font-size:11.44px;height:22.1px;width:22.1px;margin-right:9.1px;\" class=\"icon-wrapper circle-yes\"><i class=\"fusion-li-icon fa fa-minus\" style=\"color:#ffffff;\"><\/i><\/span><div class=\"fusion-li-item-content\" style=\"margin-left:31.2px;\">\n<p>Les missionnaires en s\u00e9jour dans l\u2019archipel.<\/p>\n<\/div><\/li><li class=\"fusion-li-item\"><span style=\"background-color:#f05858;font-size:11.44px;height:22.1px;width:22.1px;margin-right:9.1px;\" class=\"icon-wrapper circle-yes\"><i class=\"fusion-li-icon fa fa-minus\" style=\"color:#ffffff;\"><\/i><\/span><div class=\"fusion-li-item-content\" style=\"margin-left:31.2px;\">\n<p>Les professionnels en visite pour affaires dans l\u2019archipel.<\/p>\n<\/div><\/li><\/ul><div class=\"fusion-clearfix\"><\/div>\n\n\t\t\t\t\t<\/div>\n\t\t\t\t<\/div><div  class=\"fusion-layout-column fusion_builder_column fusion_builder_column_1_2  fusion-one-half fusion-column-last 1_2\"  style='margin-top:0px;margin-bottom:20px;width:48%'>\n\t\t\t\t\t<div class=\"fusion-column-wrapper\" style=\"background-position:left top;background-repeat:no-repeat;-webkit-background-size:cover;-moz-background-size:cover;-o-background-size:cover;background-size:cover;\"  data-bg-url=\"\">\n\t\t\t\t\t\t<div class=\"fusion-sep-clear\"><\/div><div class=\"fusion-separator fusion-full-width-sep sep-single sep-solid\" style=\"border-color:#e0dede;border-top-width:1px;margin-left: auto;margin-right: auto;margin-top:;\"><\/div><h3>NOTRE CLIENTELE TOURISTIQUE<\/h3>\n<ul class=\"fusion-checklist fusion-checklist-2\" style=\"font-size:13px;line-height:22.1px;\"><li class=\"fusion-li-item\"><span style=\"background-color:#f05858;font-size:11.44px;height:22.1px;width:22.1px;margin-right:9.1px;\" class=\"icon-wrapper circle-yes\"><i class=\"fusion-li-icon fa fa-minus\" style=\"color:#ffffff;\"><\/i><\/span><div class=\"fusion-li-item-content\" style=\"margin-left:31.2px;\">\n<p>Les touristes en visite dans l\u2019archipel.<\/p>\n<\/div><\/li><li class=\"fusion-li-item\"><span style=\"background-color:#f05858;font-size:11.44px;height:22.1px;width:22.1px;margin-right:9.1px;\" class=\"icon-wrapper circle-yes\"><i class=\"fusion-li-icon fa fa-minus\" style=\"color:#ffffff;\"><\/i><\/span><div class=\"fusion-li-item-content\" style=\"margin-left:31.2px;\">\n<p>Les voyageurs en voiliers \/ yacht priv\u00e9s en visite dans l\u2019archipel.<\/p>\n<\/div><\/li><li class=\"fusion-li-item\"><span style=\"background-color:#f05858;font-size:11.44px;height:22.1px;width:22.1px;margin-right:9.1px;\" class=\"icon-wrapper circle-yes\"><i class=\"fusion-li-icon fa fa-minus\" style=\"color:#ffffff;\"><\/i><\/span><div class=\"fusion-li-item-content\" style=\"margin-left:31.2px;\">\n<p>Les voyageurs en avions priv\u00e9s en visite dans l\u2019archipel.<\/p>\n<\/div><\/li><\/ul><div class=\"fusion-clearfix\"><\/div>\n\n\t\t\t\t\t<\/div>\n\t\t\t\t<\/div><\/div><\/div><div  class=\"fusion-fullwidth fullwidth-box fusion-blend-mode nonhundred-percent-fullwidth\"  style='background-color: rgba(255,255,255,0);background-position: center center;background-repeat: no-repeat;padding-top:0px;padding-right:0px;padding-bottom:0px;padding-left:0px;'><div class=\"fusion-builder-row fusion-row \"><div  class=\"fusion-layout-column fusion_builder_column fusion_builder_column_1_1  fusion-one-full fusion-column-first fusion-column-last 1_1\"  style='margin-top:0px;margin-bottom:20px;'>\n\t\t\t\t\t<div class=\"fusion-column-wrapper\" style=\"background-image: url('http:\/\/lecailloublanc.fr\/agence-accueil\/wp-content\/uploads\/2013\/11\/lcb.jpg');background-position:left top;background-repeat:no-repeat;-webkit-background-size:cover;-moz-background-size:cover;-o-background-size:cover;background-size:cover;\"  data-bg-url=\"http:\/\/lecailloublanc.fr\/agence-accueil\/wp-content\/uploads\/2013\/11\/lcb.jpg\">\n\t\t\t\t\t\t<div class=\"fusion-clearfix\"><\/div>\n\n\t\t\t\t\t<\/div>\n\t\t\t\t<\/div><\/div><\/div>\n","protected":false},"excerpt":{"rendered":"","protected":false},"author":1,"featured_media":0,"parent":0,"menu_order":0,"comment_status":"closed","ping_status":"open","template":"100-width.php","meta":[],"_links":{"self":[{"href":"http:\/\/lecailloublanc.fr\/agence-accueil\/wp-json\/wp\/v2\/pages\/390"}],"collection":[{"href":"http:\/\/lecailloublanc.fr\/agence-accueil\/wp-json\/wp\/v2\/pages"}],"about":[{"href":"http:\/\/lecailloublanc.fr\/agence-accueil\/wp-json\/wp\/v2\/types\/page"}],"author":[{"embeddable":true,"href":"http:\/\/lecailloublanc.fr\/agence-accueil\/wp-json\/wp\/v2\/users\/1"}],"replies":[{"embeddable":true,"href":"http:\/\/lecailloublanc.fr\/agence-accueil\/wp-json\/wp\/v2\/comments?post=390"}],"version-history":[{"count":2,"href":"http:\/\/lecailloublanc.fr\/agence-accueil\/wp-json\/wp\/v2\/pages\/390\/revisions"}],"predecessor-version":[{"id":399,"href":"http:\/\/lecailloublanc.fr\/agence-accueil\/wp-json\/wp\/v2\/pages\/390\/revisions\/399"}],"wp:attachment":[{"href":"http:\/\/lecailloublanc.fr\/agence-accueil\/wp-json\/wp\/v2\/media?parent=390"}],"curies":[{"name":"wp","href":"https:\/\/api.w.org\/{rel}","templated":true}]}}